).
31, 421
Suppose 0 = -5*u - 2*u - 364. Let v(q) = 2*q**2 + 4*q + 4. Let o be v(6). Let j = u + o. What are the prime factors of j?
2, 3
Let j(s) be the first derivative of s**2 + 6*s + 2. Let q be j(0). Let z(y) = 2*y**3 - 10*y**2 + 11*y - 13. What are the prime factors of z(q)?
5
Let p(k) = 5*k**2 + 11*k - 17. Let v be -5*115/75 - (-2)/3. What are the prime factors of p(v)?
151
Let v(s) = 7*s**3 + 14*s**2 - 13*s + 13. Let i(c) = -16*c**3 - 28*c**2 + 26*c - 26. Let p(q) = 4*i(q) + 9*v(q). List the prime factors of p(9).
7, 43
Suppose 2*p = 5*n - 244, 5*n + 4*p - 232 = -0*p. Let a = -306 + 371. Let o = n + a. What are the prime factors of o?
113
List the prime factors of (4200/(-126))/((-3)/855).
2, 5, 19
Suppose -16*v + 106463 + 44833 = 0. What are the prime factors of v?
2, 3, 197
Suppose -34*j = 27*j - 915. List the prime factors of (-40)/j*(-368 - (-4 + 5)).
2, 3, 41
Suppose -29*d - 88*d + 353064 = -212397. What are the prime factors of d?
3, 179
Let i(l) = l**3 - 3*l**2 - 36*l - 27. Let o be i(8). Suppose -4*x - o*w = -2944, -w - 9 + 13 = 0. What are the prime factors of x?
17, 43
Let m(z) = z**2 + 3*z - 3. Let j be (7/(35/3))/(1/5). Let i be m(j). List the prime factors of (-10)/i - (-323)/3.
107
Let t(l) = 5*l**2 - 38*l + 1. Let m be t(23). Suppose -2*v = -2*z + m, z + 4*v - 886 = -v. List the prime factors of z.
2, 443
Suppose 2*y - 403 = 3*f, 0 = f + y + 180 - 44. Let q = -104 - f. List the prime factors of q.
31
Let x = 46892 - -11009. What are the prime factors of x?
57901
Let n be (472/(-56) - -9)*(-392)/(-16). Let o(r) = r**3 + 5*r**2 + 4*r + 1. Let c be o(-5). What are the prime factors of (c/(-4) + (-56)/n)*284?
3, 71
Suppose -36*a + 254847 = 42195. What are the prime factors of a?
3, 11, 179
Let f(w) = w**3 + 17*w**2 - 14*w + 16. Let x be f(-18). List the prime factors of (1 + x/(-6))*(32 + 4).
2, 3, 31
Let j(i) = 989*i**2 - 235*i - 5. List the prime factors of j(-4).
16759
Let o(h) be the first derivative of -h**4/4 - 4*h**3 - 15*h**2/2 + 14*h - 8. List the prime factors of o(-11).
2, 29
Let w(u) = -10*u + 492. Let l be w(0). Suppose 5*j - 1331 = -3*h, -2*h + j + 378 + l = 0. What are the prime factors of h?
19, 23
Suppose 3*n + 7*i = 6*i + 54799, 0 = -n + 3*i + 18293. What are the prime factors of n?
18269
Let y = -131 - -131. Let t(c) = 2*c**2. Let u be t(-2). Suppose d + 4*o = 6*o + 58, y = -4*o + u. List the prime factors of d.
2, 31
Suppose -32 = o - 38. Suppose o*r - 1482 = 4*r. List the prime factors of r.
3, 13, 19
Let h(b) = -65*b**3 + 3*b**2 + 4*b + 1. Let p(r) = -5*r + r - 31 - 11*r + 10*r. Let s be p(-6). List the prime factors of h(s).
5, 13
Suppose -65*p = 249*p - 2454852. What are the prime factors of p?
2, 3, 1303
Suppose -9*t = 59764 - 606577. What are the prime factors of t?
60757
Suppose 34*z + 149 = 47. What are the prime factors of (-20)/(z*(-2)/(-27))?
2, 3, 5
Let k(j) = -1207*j + 511. List the prime factors of k(-7).
2, 5, 7
Suppose 4*v + 20 = 4*d, 4*v = -2*d - 24 + 10. List the prime factors of (d*160/(-25))/((-2)/25).
2, 5
What are the prime factors of 1078 + ((-60)/50)/(15/25)?
2, 269
Let c(k) = -4*k - 76. Let w be c(-22). What are the prime factors of (3/(-15)*4)/(w/(-4410))?
2, 3, 7
Suppose 4*t - 72 = -4*d, 20 = 2*t + 3*t. Suppose 13*v - d*v + 303 = 4*f, 0 = -f + 4*v + 63. What are the prime factors of f?
3, 5
Suppose i + 29 = 4*i + 5*l, -2*i = -2*l + 2. Suppose i*x - 12*x + 2052 = 0. List the prime factors of x.
2, 3, 19
Let g = 76 + -72. What are the prime factors of -3 - (-469 - g)*1?
2, 5, 47
Let b be 3*-2*(-2)/4 - -181. Let s = b - 53. What are the prime factors of s?
131
Let h(j) = -j + 22. Let k be h(19). Suppose -k*g + 9*f - 4*f = 315, 5*f = g + 105. Let n = -80 - g. List the prime factors of n.
5
Let y(v) be the first derivative of 178*v**3/3 + 5*v**2/2 + 57. What are the prime factors of y(2)?
2, 19
Suppose 3*c + 2*f = -f + 51, -3*c + 51 = -f. Let z be (-3)/(-18) + 389/6. Let d = z + c. List the prime factors of d.
2, 41
Let m = 7140 + -12387. List the prime factors of (-18)/(-90) + (m/(-15) - 1).
349
Let i be 4*(1 + 1/(-4)). Suppose 2*a = -5*f - 239, -5*a + 0*f + i*f - 613 = 0. Let b = a - -145. What are the prime factors of b?
23
Let h = -172 + 60. Let z be -1 + ((-32)/h - (-880)/7). Suppose t = 5*w - z, -3*w - 75 = -6*w + t. What are the prime factors of w?
5
Let s(l) = 39*l**2 + 182*l + 33. List the prime factors of s(15).
2, 3, 641
Suppose x + 4*w - 6456 = 0, -5*w + 19368 = 37*x - 34*x. What are the prime factors of x?
2, 3, 269
Let r(w) be the third derivative of -w**6/120 + 11*w**5/30 + w**4/24 + 7*w**3/6 - 2*w**2 - 42*w. Let z = -21 + 43. List the prime factors of r(z).
29
Suppose -8184 = 17*f - 25*f. Suppose 0 = 10*t - 9*t - 2*h - 519, 2*t - h = f. What are the prime factors of t?
509
Suppose 58 = 11*g - 9*g. Let k(q) = 8*q - 97. What are the prime factors of k(g)?
3, 5
Let t(a) = -a + 4. Let s be t(-5). Let k(z) = -12*z + 20. Let j be k(s). Let y = j - -103. What are the prime factors of y?
3, 5
Let p(f) = 6*f**2 - 2*f - 1. Let v be p(-1). Suppose 2*m + 5*q - v = 2, 0 = m + 4*q - 6. Suppose -m*h = -3*h + 114. What are the prime factors of h?
2, 3, 19
Let i be (-27)/(-6) - 2/(-4). Suppose 6*x = -i - 1. Let a(v) = -50*v**3 - v**2 + 2. List the prime factors of a(x).
3, 17
Let z(j) = 200*j + 11456. List the prime factors of z(151).
2, 41, 127
Let i(s) = s - 25. Let a(q) = 6*q**2 - q. Let m(o) = -7*o**2 + o. Let c(y) = 6*a(y) + 5*m(y). Let b(v) = 2*c(v) - i(v). List the prime factors of b(8).
3, 43
Suppose 13633 = 10*d - 41717. List the prime factors of d.
3, 5, 41
Let y(f) = -f**3 + 5*f**2 + 7*f - 4. Let j be y(6). Suppose 1 = 5*g - 2*v, j*g + 10 = 4*g - 4*v. What are the prime factors of (g/1)/(5/(-335))?
67
Let i = 11 + -13. Let r be (-5 - 21)*1/i. Suppose r + 209 = 2*f. What are the prime factors of f?
3, 37
Suppose 3*p + 4*i = 5*i - 4, 5*p - 5*i = 0. Let j be (160/12 + p)/(2/3). List the prime factors of j + 2 + (-6)/2.
2
Suppose -2*v + 4*v + 1 = 3*a, -3*a + 5*v = -7. What are the prime factors of (-1)/(a*(-7)/(-749))?
107
Suppose 2*o = 2*c + 18, -2*o - 47 = 16*c - 13*c. Let m(w) = w**3 + 16*w**2 - 13*w - 31. What are the prime factors of m(c)?
3, 5, 43
Let l be 3 + -7 - 40/(-10). Let o(v) = -13*v + 461. What are the prime factors of o(l)?
461
Let b = -36258 - -79067. List the prime factors of b.
13, 37, 89
Let j(b) = -33984*b**3 - 3*b**2 - 51*b - 49. List the prime factors of j(-1).
17, 1999
Suppose -5*g + 1378 = 3*a, 5*a - 422*g + 419*g - 2342 = 0. List the prime factors of a.
2, 233
List the prime factors of (-7620)/(-255) + -30 - 197814/(-17).
2, 2909
List the prime factors of (1590 - 1) + (3 - (10 - 6)).
2, 397
Let u(f) be the third derivative of 11*f**4/24 + 4*f**3/3 - 3*f**2 + 9*f. What are the prime factors of u(18)?
2, 103
What are the prime factors of (-232048)/(-5) + -8 - ((-70)/25)/7?
2, 23201
Let m = 17894 + -11487. What are the prime factors of m?
43, 149
Suppose -104387 + 11921 = -18*r. What are the prime factors of r?
11, 467
Let y(l) be the second derivative of l**3/6 + 36*l**2 - 103*l. List the prime factors of y(6).
2, 3, 13
Suppose 4*w - 14742 - 3638 = 0. What are the prime factors of w?
5, 919
Let c be (320/50)/(8/(-20)). What are the prime factors of ((-6)/(-9))/(c/(-15216))?
2, 317
Suppose -133*u + 256762 = 134*u - 245*u. What are the prime factors of u?
11, 1061
Suppose -30 = -2*x - 22, 10804 = 2*a - x. What are the prime factors of a?
2, 7, 193
Suppose 0 = p + g + 679, -2*p - g + 1355 = -4*p. Let l = p - -1194. What are the prime factors of l?
2, 3, 43
Suppose -3*b - 1963 = -7*b - o, 1461 = 3*b - 3*o. Let f = b + -180. Suppose 3*n - f = -5*t, -t - n + 62 = -4*n. What are the prime factors of t?
2, 31
Let q(z) = 32*z**2 - 34*z - 311. What are the prime factors of q(-14)?
41, 157
Let w = -72 + 44. Let q be (w/42)/((-4)/6). What are the prime factors of (3 - -2)/(q/3)?
3, 5
Suppose 57*x - 3*i = 55*x + 661, 5*x + 5*i = 1590. Let w be 2563/13 - (-8)/(-52). Suppose 4*r = w + x. List the prime factors of r.
2, 5, 13
List the prime factors of (-177573)/(-6) + 114/228.
2, 7, 151
Let y = -62 - 48. Let c = y + -82. Let r = -25 - c. What are the prime factors of r?
167
Suppose 0 = 9387*m - 9406*m + 1250162. List the prime factors of m.
2, 167, 197
Suppose 0 = 